65242501 a composite number?
True
Is 570457829 a composite number?
True
Is 1138073315 a prime number?
False
Is 1251641 a prime number?
True
Is 3453719 prime?
True
Is 2646409 a composite number?
False
Is 798023 a prime number?
True
Is 64446721 composite?
False
Is 85441 a prime number?
False
Is 596163391 prime?
True
Is 134773 prime?
False
Is 88894439 a prime number?
True
Is 90833659 composite?
True
Is 23691823 prime?
True
Is 128074 a prime number?
False
Is 10750429 composite?
False
Is 1355477 a composite number?
True
Is 27824813 a composite number?
True
Is 47515531 a prime number?
False
Is 27852757 prime?
True
Is 2905931 a prime number?
False
Is 25790873 a prime number?
True
Is 1062914 composite?
True
Is 382721107 composite?
False
Is 2846587 a prime number?
False
Is 7945837 composite?
True
Is 5385671 a prime number?
True
Is 725579717 a prime number?
True
Is 2617549 prime?
False
Is 112187 composite?
True
Is 350899721 a prime number?
True
Is 557372693 prime?
False
Is 57258841 prime?
True
Is 115338161 composite?
True
Is 47182633 composite?
True
Is 4066007 prime?
False
Is 15317369 prime?
True
Is 162141297 prime?
False
Is 21508001 prime?
False
Is 38397529 composite?
False
Is 786073 a prime number?
False
Is 3363389 a composite number?
False
Is 3585179 composite?
True
Is 108905807 prime?
True
Is 443857 a prime number?
False
Is 172936789 a prime number?
False
Is 22037429 composite?
False
Is 33110629 a prime number?
True
Is 2708347 composite?
False
Is 229247 a composite number?
False
Is 2235829 composite?
False
Is 5969209 a prime number?
False
Is 234325027 a composite number?
False
Is 634358371 composite?
True
Is 82708867 a prime number?
True
Is 4950971 composite?
False
Is 302296487 a prime number?
False
Is 8420929 a prime number?
False
Is 673010699 a composite number?
True
Is 327893 prime?
False
Is 191802649 composite?
True
Is 5592362 a composite number?
True
Is 4360793 composite?
False
Is 11931691 prime?
True
Is 1282739 a composite number?
False
Is 36797933 a composite number?
False
Is 2359909 composite?
True
Is 2439226 prime?
False
Is 12195377 prime?
False
Is 3408349 prime?
False
Is 82697179 a prime number?
False
Is 21238429 prime?
True
Is 6180977 composite?
True
Is 3479423 a composite number?
False
Is 13717063 a composite number?
False
Is 27595597 composite?
False
Is 195289715 composite?
True
Is 31667443 prime?
False
Is 908195 a composite number?
True
Is 101868451 prime?
False
Is 2331631 a composite number?
True
Is 43862839 composite?
True
Is 18061427 a composite number?
False
Is 54880289 a prime number?
True
Is 113973583 composite?
False
Is 6809753 prime?
True
Is 139020437 a prime number?
True
Is 18573587 prime?
False
Is 474143 prime?
True
Is 8312639 a composite number?
True
Is 12500493 prime?
False
Is 6011821 a prime number?
False
Is 53780731 a composite number?
False
Is 3215491 a prime number?
False
Is 553878317 a composite number?
True
Is 589411 composite?
True
Is 12359071 composite?
True
Is 7388041 a composite number?
True
Is 350435231 prime?
False
Is 10211749 a composite number?
True
Is 2795677 prime?
True
Is 930659 prime?
False
Is 1411219 a composite number?
False
Is 184516613 prime?
True
Is 1099355 a prime number?
False
Is 47740001 prime?
True
Is 267541 a prime number?
True
Is 7277279 prime?
True
Is 72503287 a prime number?
False
Is 16894093 a composite number?
True
Is 2991179 prime?
False
Is 2546497 a composite number?
False
Is 236073109 a prime number?
False
Is 54471427 a prime number?
False
Is 20378881 composite?
True
Is 165709597 a composite number?
False
Is 27923 a prime number?
False
Is 62145635 prime?
False
Is 747051 prime?
False
Is 32518877 prime?
False
Is 5750747 a prime number?
True
Is 30797849 composite?
True
Is 124991837 a composite number?
True
Is 134475373 a prime number?
True
Is 136221191 a composite number?
True
Is 6353443 a composite number?
True
Is 19833811 a composite number?
False
Is 50995729 a prime number?
False
Is 35784121 a composite number?
False
Is 17435309 a prime number?
False
Is 11723339 a composite number?
True
Is 360357389 a composite number?
True
Is 735349 prime?
False
Is 2763156371 composite?
False
Is 8373515 a prime number?
False
Is 13002377 prime?
True
Is 42252547 prime?
True
Is 7673327 prime?
True
Is 784576315 a prime number?
False
Is 11083063 a composite number?
False
Is 5097449 composite?
True
Is 81520315 a prime number?
False
Is 49455257 composite?
False
Is 437982271 composite?
True
Is 32002527 a composite number?
True
Is 11210117 a prime number?
True
Is 16755961 composite?
False
Is 82757 a prime number?
True
Is 15337357 composite?
True
Is 1600351 a prime number?
False
Is 1214519 composite?
False
Is 3738338 prime?
False
Is 10852505 composite?
True
Is 3511171 a composite number?
False
Is 69883631 a composite number?
False
Is 33807073 prime?
False
Is 4543841 composite?
True
Is 10621547 a composite number?
False
Is 2447239 a prime number?
True
Is 4613873 a composite number?
True
Is 2664091 prime?
False
Is 1698409 a composite number?
False
Is 8119379 a composite number?
False
Is 14843989 composite?
True
Is 1215673 composite?
False
Is 12682097 prime?
True
Is 20803429 a composite number?
True
Is 202327 a prime number?
True
Is 7731991 prime?
False
Is 6162317 a prime number?
False
Is 90413441 prime?
False
Is 22007977 a composite number?
False
Is 31596189 a prime number?
False
Is 456281 prime?
False
Is 82134229 a composite number?
False
Is 3125473 composite?
True
Is 3237617 a composite number?
False
Is 128773189 a composite number?
False
Is 8178901 composite?
True
Is 2571937 composite?
False
Is 4294207 a prime number?
True
Is 187021423 a prime number?
True
Is 359377787 composite?
False
Is 91210894 prime?
False
Is 33916687 a prime number?
False
Is 13432501 a prime number?
False
Is 68261537 a composite number?
False
Is 1790422 a prime number?
False
Is 290545231 a composite number?
False
Is 7898977 a prime number?
False
Is 20080319 a composite number?
True
Is 23619691 a composite number?
True
Is 1044445 a prime number?
False
Is 182924527 composite?
True
Is 1840109 prime?
True
Is 1194821 a prime number?
True
Is 123401423 a prime number?
True
Is 72811 composite?
True
Is 55175507 composite?
True
Is 1667389 prime?
True
Is 14414203 a composite number?
False
Is 12644209 a prime number?
False
Is 867253 a composite number?
False
Is 9289253 composite?
False
Is 6407763 composite?
True
Is 11391715 prime?
False
Is 789891835 composite?
True
Is 322043 composite?
True
Is 729907 a prime number?
True
Is 8583479 a prime number?
True
Is 66109937 a prime number?
False
Is 1368853 composite?
True
Is 279401 prime?
False
Is 16191271 a prime number?
True
Is 4383677 a composite number?
False
Is 2333759 composite?
False
Is 125126539 composite?
False
Is 214272511 a prime number?
True
Is 12078299 prime?
True
Is 435573449 a composite number?
True
Is 155972747 a prime number?
False
Is 16571213 a composite number?
True
Is 819823 a prime number?
True
Is 95588099 composite?
True
Is 6518873 a composite number?
False
Is 10723549 a composite number?
True
Is 1352215 a composite number?
True
Is 12508511 a prime number?
False
Is 318781 a composite number?
False
Is 8063677 prime?
False
Is 5860777 a composite number?
True
Is 261698977 a composite number?
True
Is 29880751 composite?
False
Is 92541691 composite?
True
Is 738271 prime?
False
Is 1999433 composite?
True
Is 859081 composite?
False
Is 85127123 prime?
True
Is 126833 a composite number?
True
Is 4244299 a composite number?
False
Is 193736399 prime?
True
Is 1956935 a composite number?
True
Is 31733419 prime?
False
Is 4642327 a prime number?
False
Is 8883319 composite?
False
Is 125239531 prime?
False
Is 2991665 prime?
False
Is 106018097 prime?
True
Is 1650751 prime?
False
Is 26906497 prime?
False
Is 9194935 a prime number?
False
Is 448458973 a prime number?
True
Is 41846369 prime?
True
Is 67528569 a prime number?
False
Is 859365073 a prime number?
False
Is 4729759 prime?
True
Is 2831111 composite?
True
Is 135069437 composite?
True
Is 17989429 prime?
False
Is 16714847 prime?
False
Is 5258507 a composite number?
True
Is 2961709 a prime number?
False
Is 19558069 prime?
True
Is 196100473 composite?
False
Is 46416983 prime?
True
Is 5122697 a prime number?
True
Is 3961619 composite?
False
Is 24386403 pri